 - 2*f + 4. Let m(r) = 3*b(r) + 2*p(r). Determine m(-2).
-2
Let l(c) = -c**2 - 3*c + 1. Let s be l(-4). Let t(w) be the second derivative of 1/3*w**4 + 0 + w**2 + 5/6*w**3 - 3*w + 1/20*w**5. Calculate t(s).
-4
Let p(y) = -2*y**3 + 2*y - y**2 - 4 + 0 + 3. Suppose -3*i + 3*u - 3 = 2*u, 0 = 4*i - 4*u - 4. Give p(i).
7
Let f be 18/(-12) - 30/(-4). Let j(c) = -2*c - 5*c + f + 3*c + c**2 + 3*c. Calculate j(0).
6
Let z(v) = -v**3 - 6*v**2 - 2*v + 1. Let j be 10/15*45/(-6). What is z(j)?
-14
Suppose -4*t = -5*t + 4*m + 21, t = m + 9. Let w(d) = d**2 - 4*d + 6. Give w(t).
11
Let y(w) = w**3 + w**2 + w - 1. Let t be (-13)/5 + (-30)/(-50). What is y(t)?
-7
Suppose i - 3*x + 6 = 0, 0 = -2*i + i - 3*x. Let y(z) = z**2 + 4*z. Let j be y(i). Let r(a) = -a**3 - 3*a**2 - 4*a - 2. Determine r(j).
10
Let k(f) = -f + 7. Let g be k(3). Suppose 5*a - 6 = 4*c, -5*c - 4 = -c - g*a. Let h = c - 1. Let d(s) = s**2. Give d(h).
0
Let w(t) be the third derivative of -7*t**6/120 - t**4/12 - t**3/6 + 12*t**2. Give w(-1).
8
Suppose 0 = 5*f - 4*z - 15, 0 = 5*f + 4*z - 12 - 3. Let t(b) be the first derivative of -b**3/3 + 5*b**2/2 - 2*b - 31. Determine t(f).
4
Let p be ((-18)/(-2)*-1)/(-1). Let i = p + -6. Let r(y) = -y**2 + 2*y - 1. Determine r(i).
-4
Let p = -12 + 13. Let n(c) be the first derivative of -9*c**4/4 - c**3/3 + 1. Determine n(p).
-10
Let o(r) be the first derivative of -r**3/3 - r**2 + r + 5. Give o(-2).
1
Let s(k) = -k**2 + 10*k + 15. Suppose 11*a - 33 = 8*a. Calculate s(a).
4
Let m(t) = 8*t + 5. Let q be m(5). Let c be q/6*(-2)/(-3). Let l(a) = -a**3 - 4*a**3 - c*a**2 + 2*a**3 + 2*a**3 + 1 - 5*a. Determine l(-4).
5
Let x = -11 + 8. Let h = 4 - x. Let v(a) = a - 6. Let g be v(h). Let k(c) = 5*c - 1. What is k(g)?
4
Let f be 5 + (-4 - 2/(-1)). Let w(h) = -h**3 + 2*h**2 + 0*h**2 - 4 + f + 3. Calculate w(2).
2
Let w be (-17)/(-4) - 2/8. Let h be (-5)/(-5) - 1*-2. Let q(k) = 2 - 3*k**3 - h*k - 4*k**2 + 2 + 4*k**3. What is q(w)?
-8
Suppose a = -u + 3*a - 5, 2*a = 8. Let o(w) = 0 - 4*w - w**2 + 0 + 2 - u. What is o(-3)?
2
Let x(c) = c. Let t(u) = -2*u**2 - u. Let m be t(1). Let o be (-2 + 4)*m/(-6). What is x(o)?
1
Let s(o) be the third derivative of o**4/12 - o**3/3 - 2*o**2. Let y be s(2). Let r(b) = -3 - 3*b - 5*b**y + 0*b**2 + 0*b - b**3. Calculate r(-4).
-7
Suppose 7*g + 5 = 2*g. Let b(l) = -13*l**2 - 2*l - 1. What is b(g)?
-12
Let c(o) = -14*o**2 + 5*o + 14. Let j(f) = -5*f**2 + 2*f + 5. Suppose -b = 3*b + 16. Let w(s) = b*c(s) + 11*j(s). Calculate w(-2).
-1
Let o be 1/(1 + 0 + 4/(-8)). Let p(v) = 3*v**2 - v + 1. Calculate p(o).
11
Let j be (8/(-3))/(2/(-6)). Let b(z) = -5*z**2 + 3*z**3 - z**3 + j - 3*z**3 + 0*z**3 + 8*z. Calculate b(-6).
-4
Let m(l) be the first derivative of -l**3/3 - l**2 + 5*l + 3. Determine m(-5).
-10
Let p(d) be the third derivative of -d**5/60 + d**4/4 - d**3 + 38*d**2. Calculate p(6).
-6
Let n(x) be the first derivative of -3*x**2/2 - 2*x + 2. Calculate n(-3).
7
Let k(j) = -j**3 - 2 + 1 - 2*j + 0 + 3*j. Determine k(0).
-1
Let l(m) = -m**2 - 2*m - 1. Suppose -2*o + 3*o - 1 = t, -4*o = -3*t. What is l(t)?
-9
Let r(k) = -6 - 1 + 10*k + 31. Let z(j) = 7*j + 16. Let w(y) = 5*r(y) - 7*z(y). What is w(0)?
8
Let t be (-20)/30 - 23/(-3). Let v(h) = 8*h**2 - t*h - 7*h**2 + 4 + 2. Determine v(4).
-6
Let i(m) = 4*m - 22. Let z(w) = -2*w + 11. Let n(o) = 6*i(o) + 11*z(o). What is n(8)?
5
Let h = 3 - 0. Suppose 2*f + 25 = -h*f. Let w(t) be the second derivative of -t**5/20 - 5*t**4/12 - t**3/3 - t**2 + t. What is w(f)?
8
Let v(x) = x**3 - 4*x**2 + 3*x + 1. Let w(m) be the second derivative of m**4/12 - 7*m**3/6 + 9*m**2/2 + 4*m. Let f be w(6). Determine v(f).
1
Let f(q) = -3*q + 3. Let c be ((-8)/(-14))/((-20)/(-210)). What is f(c)?
-15
Suppose 0 = 2*g + 7 + 13. Let o = 6 + g. Let u(s) = 3*s**3 - s**2 - 2*s - 7. Let a(k) = -5*k**3 + 3*k**2 + 5*k + 13. Let d(m) = 4*a(m) + 7*u(m). Determine d(o).
-5
Let q(t) = -t**2 - 4*t + 5. Let m = 23 - 10. Suppose 2*x + m = 5. What is q(x)?
5
Let j be 0*(-3 + 1)/(20/5). Let d(s) = s**3 + 4 + 12 - 5. Determine d(j).
11
Let r(g) = g**3 + 5*g**2 - 2*g - 6. Let n(m) = m. Let w be n(-4). Let j = w - 8. Let f = 7 + j. Determine r(f).
4
Let n = -193 + 190. Let r(b) = 5*b + 2. What is r(n)?
-13
Let t(y) = y**3 + 2*y**2 + 2*y + 3. Let w be -5 - -2*(-12)/(-8). Determine t(w).
-1
Let o(y) be the third derivative of -y**4/24 - y**3/3 + y**2. Suppose 17 = 6*n - 13. What is o(n)?
-7
Let x(w) = -w**3 + 2*w**2. Suppose 4*r - n = 68, 18 = 4*n + 2. Let c = r - 16. What is x(c)?
0
Let q(b) = b**2 - b + 9. Let a(w) = -w**3 - 8*w**2 - 6*w + 7. Let i(o) = o - 2. Let d be i(7). Suppose -7 = d*r - 4*r. Let v be a(r). Calculate q(v).
9
Let l(h) = -h - 8. Let j be l(-11). Let u(p) = -5 - 3*p + 4*p**2 - 1 + 1 + p**j. Let f be ((-8)/2)/(-1 - -2). Calculate u(f).
7
Suppose 15 = 4*j + x, -5*j + 3*x - 5*x = -18. Suppose 0 = 3*m - j - 2. Let w(v) = -m*v**3 + v**2 - 2*v**3 + 5*v**3 + 0*v + v. What is w(-1)?
-1
Let v(y) = 0 + 2 - 5*y**2 + 3*y**2 + 5*y**3 - 6*y**3. What is v(-2)?
2
Let f(p) = p**2 - p + 17. Let v be 18/36 - (-1)/(-2). Calculate f(v).
17
Let l(r) = 9*r + 9. Let z(h) = -4*h - 5. Let n(m) = -2*l(m) - 5*z(m). Calculate n(-5).
-3
Let a(b) = b**3 - 5*b**2 - 6*b + 2. Let h(p) = p**2 - 4*p + 1. Let c be h(5). Determine a(c).
2
Suppose -3*u + 7*u + 3*z - 35 = 0, 5*u + 3*z - 40 = 0. Let f(h) be the second derivative of 1/12*h**4 - 2*h - 2/3*h**3 + h**2 + 0. Determine f(u).
7
Let x(q) be the second derivative of -q**4/12 - q**3/6 - q**2 + 14*q. Calculate x(-4).
-14
Let l(i) = i**2 - i - 4. Let k be l(3). Let u(r) = -2*r + r**3 - 2*r**2 - k*r**3 - 2 - 2 - 2*r**2. What is u(-4)?
4
Suppose 0 = 3*o - 15*o - 60. Let m(t) be the third derivative of -t**4/24 - t**3 + t**2. Give m(o).
-1
Let n = -15 + 19. Let r(f) = -2*f - 1. Calculate r(n).
-9
Let z(y) = 8*y - 4. Let f(u) = 12*u - 6. Let n(v) = 5*f(v) - 7*z(v). Give n(7).
26
Let y(q) = -5*q - 1. Let i be y(-1). Let a(g) = 0 - 5 - g + 0*g + i. Give a(3).
-4
Let d(s) be the first derivative of -s**3/3 - 5*s**2/2 - 2*s + 2. Let n = -17 - -13. Calculate d(n).
2
Let j(t) = 3*t. Let f(y) = -9*y**2 - 5*y**3 + 4*y**3 + 0*y + 9*y - 5. Let s be f(-10). Suppose 0 = -v + x - 1, -s*v = 4*x - 5 - 8. Calculate j(v).
3
Suppose -5*s + 0 - 5 = -4*q, 4*q - 1 = s. Let z(p) = 2*p**2 - 6*p + 5. Let c(f) = -f**2 + 4*f - 3. Let g(a) = 8*c(a) + 5*z(a). Calculate g(s).
1
Let r(w) = w**3 + w**2 - w - 2. Suppose -14 + 39 = 5*h. Suppose 0 = -i + 3*f, 0*f - h*f = -5. Let o = i - 3. What is r(o)?
-2
Let x(n) = n**2 + 2*n + 4*n - 13*n - 3. Give x(6).
-9
Let d(u) = -8 - 4*u**2 - 8 + 3*u**2 + 8*u + 9. Give d(6).
5
Let b(w) be the third derivative of -w**6/60 + w**4/24 - w**3/3 + 2*w**2. Calculate b(-2).
12
Let m(x) be the third derivative of x**4/12 + 2*x**3/3 - 9*x**2. Calculate m(-3).
-2
Suppose t + t = 0. Suppose 5*r - 2*l - 27 = 0, r - 8 = -t*l + 3*l. Let c(d) = -d**2 + 7*d. Calculate c(r).
10
Suppose 3*s - 5*s + 5 = 5*x, -4*s = 4*x - 4. Let o be (0 - -5) + -1*x. Let g(c) = c + 3. What is g(o)?
7
Let h(o) = -o**3 + 2*o**2 + 1. Suppose -2 = g - 2*s, 6*g - 2*g = 3*s + 2. What is h(g)?
1
Let g(b) = b - 16. Let t be g(12). Let m(a) = a**3 + 3*a**2 - 3*a. Calculate m(t).
-4
Let f = 8 - 5. Suppose k - 3*s - 14 = -3*k, 0 = -f*k - 5*s + 25. Let y(m) be the third derivative of -m**5/60 + m**4/4 - m**2. Determine y(k).
5
Suppose 5*f + 4*z = 2, -2*f = 3*f - 5*z - 20. Let l(r) = -3*r - 2. Determine l(f).
-8
Let c = 0 - 0. Suppose c*z = 5*z. Let m(v) = 4*v**2 - 3*v + 4. Let n(h) = -5*h**2 + 4*h - 3. Let q(i) = -4*m(i) - 3*n(i). Give q(z).
-7
Let z(y) be the second derivative of y**3/2 - y**2/2 + 2*y. Suppose 5*b = -k + 26, -k = 2*b - 6*k - 32. Let s = b + -4. Give z(s).
5
Let s be (-14)/(-3) - (-32)/(-48). Suppose -2*p + 3*p = j + 3, j + 3 = s*p. Let v(q) = q - 1. Determine v(j).
-4
Let f(t) = 5*t**2 - 8*t - 2*t**2 - 8 - 3*t**2 - t**2. Determine f(-7).
-1
Let g(q) be the first derivative of 1/3*q**3 - q**2 + 1/8*q**4 + 2 + 0*q. Let d(l) be the second derivative of g(l). What is d(-4)?
-10
Let g = 0 - 0. Let f(c) = -22 - c + 8 + 6. Calculate f(g).
-8
Let c(x) = -2*x + 3 + 4*x**2 + 2 - 3*x**2 - 6*x. Calculate c(5).
-10
Let h(y) = y**2 + 7*y + 6. Suppose 0 = -3*i + 4*w - 4, -2*i + 10*w = 5*w + 5. Let b = i - -3. Suppose -4*z - 35 = b*n, -4*